 factors of 7126.
2, 7, 509
What are the prime factors of 1480?
2, 5, 37
What are the prime factors of 4904?
2, 613
List the prime factors of 8896.
2, 139
What are the prime factors of 3387?
3, 1129
What are the prime factors of 1080?
2, 3, 5
What are the prime factors of 4853?
23, 211
What are the prime factors of 5458?
2, 2729
What are the prime factors of 12082?
2, 7, 863
List the prime factors of 60419.
31, 1949
What are the prime factors of 280?
2, 5, 7
What are the prime factors of 2118?
2, 3, 353
What are the prime factors of 18465?
3, 5, 1231
List the prime factors of 2030.
2, 5, 7, 29
What are the prime factors of 36557?
139, 263
What are the prime factors of 45641?
45641
What are the prime factors of 21396?
2, 3, 1783
What are the prime factors of 890?
2, 5, 89
What are the prime factors of 7366?
2, 29, 127
What are the prime factors of 8701?
7, 11, 113
What are the prime factors of 299?
13, 23
List the prime factors of 9302.
2, 4651
What are the prime factors of 1662?
2, 3, 277
List the prime factors of 4262.
2, 2131
What are the prime factors of 28267?
23, 1229
List the prime factors of 10102.
2, 5051
List the prime factors of 51555.
3, 5, 7, 491
List the prime factors of 1883.
7, 269
What are the prime factors of 5626?
2, 29, 97
List the prime factors of 468.
2, 3, 13
What are the prime factors of 1693?
1693
What are the prime factors of 103?
103
List the prime factors of 483.
3, 7, 23
What are the prime factors of 1383?
3, 461
List the prime factors of 16822.
2, 13, 647
What are the prime factors of 498?
2, 3, 83
List the prime factors of 3576.
2, 3, 149
What are the prime factors of 32337?
3, 3593
List the prime factors of 28556.
2, 11, 59
List the prime factors of 27814.
2, 13907
What are the prime factors of 5470?
2, 5, 547
List the prime factors of 692.
2, 173
What are the prime factors of 691?
691
List the prime factors of 25510.
2, 5, 2551
What are the prime factors of 15139?
15139
What are the prime factors of 38470?
2, 5, 3847
What are the prime factors of 13339?
13339
What are the prime factors of 2082?
2, 3, 347
List the prime factors of 7709.
13, 593
What are the prime factors of 957?
3, 11, 29
List the prime factors of 4295.
5, 859
List the prime factors of 1683.
3, 11, 17
What are the prime factors of 907?
907
What are the prime factors of 2946?
2, 3, 491
List the prime factors of 35736.
2, 3, 1489
What are the prime factors of 13625?
5, 109
What are the prime factors of 924?
2, 3, 7, 11
What are the prime factors of 36218?
2, 7, 13, 199
What are the prime factors of 6541?
31, 211
List the prime factors of 2043.
3, 227
List the prime factors of 2305.
5, 461
What are the prime factors of 5295?
3, 5, 353
List the prime factors of 20195.
5, 7, 577
What are the prime factors of 154581?
3, 7, 17, 433
List the prime factors of 1317.
3, 439
What are the prime factors of 57921?
3, 43, 449
List the prime factors of 39807.
3, 4423
What are the prime factors of 92390?
2, 5, 9239
What are the prime factors of 21307?
11, 13, 149
List the prime factors of 43730.
2, 5, 4373
List the prime factors of 6405.
3, 5, 7, 61
What are the prime factors of 42196?
2, 7, 11, 137
List the prime factors of 29506.
2, 14753
List the prime factors of 26321.
26321
List the prime factors of 4815.
3, 5, 107
What are the prime factors of 1844?
2, 461
What are the prime factors of 1360?
2, 5, 17
What are the prime factors of 32371?
32371
List the prime factors of 69063.
3, 23021
What are the prime factors of 933?
3, 311
What are the prime factors of 132026?
2, 251, 263
What are the prime factors of 4248?
2, 3, 59
What are the prime factors of 1899?
3, 211
What are the prime factors of 385?
5, 7, 11
What are the prime factors of 10001?
73, 137
What are the prime factors of 3713?
47, 79
What are the prime factors of 9136?
2, 571
What are the prime factors of 113025?
3, 5, 11, 137
List the prime factors of 1464.
2, 3, 61
List the prime factors of 64515.
3, 5, 11, 17, 23
List the prime factors of 22308.
2, 3, 11, 13
List the prime factors of 15407.
7, 31, 71
List the prime factors of 1602.
2, 3, 89
List the prime factors of 3634.
2, 23, 79
What are the prime factors of 3840?
2, 3, 5
What are the prime factors of 9046?
2, 4523
What are the prime factors of 863?
863
What are the prime factors of 2201?
31, 71
What are the prime factors of 200414?
2, 100207
List the prime factors of 13639.
23, 593
List the prime factors of 2004.
2, 3, 167
What are the prime factors of 10279?
19, 541
List the prime factors of 1472.
2, 23
List the prime factors of 71.
71
List the prime factors of 96258.
2, 3, 61, 263
What are the prime factors of 247?
13, 19
List the prime factors of 2851.
2851
What are the prime factors of 189267?
3, 13, 23, 211
What are the prime factors of 27069?
3, 7, 1289
What are the prime factors of 165?
3, 5, 11
What are the prime factors of 15607?
15607
List the prime factors of 2581.
29, 89
List the prime factors of 1012.
2, 11, 23
What are the prime factors of 16299?
3, 1811
What are the prime factors of 361?
19
List the prime factors of 46464.
2, 3, 11
List the prime factors of 1184.
2, 37
What are the prime factors of 5789?
7, 827
List the prime factors of 90593.
17, 73
What are the prime factors of 8942?
2, 17, 263
List the prime factors of 5506.
2, 2753
List the prime factors of 7726.
2, 3863
List the prime factors of 8412.
2, 3, 701
List the prime factors of 6466.
2, 53, 61
What are the prime factors of 14886?
2, 3, 827
What are the prime factors of 1127?
7, 23
List the prime factors of 7886.
2, 3943
What are the prime factors of 198?
2, 3, 11
List the prime factors of 982.
2, 491
What are the prime factors of 3584?
2, 7
What are the prime factors of 7769?
17, 457
What are the prime factors of 263?
263
List the prime factors of 8406.
2, 3, 467
What are the prime factors of 855?
3, 5, 19
What are the prime factors of 70818?
2, 3, 11, 29, 37
List the prime factors of 11919.
3, 29, 137
What are the prime factors of 1247?
29, 43
List the prime factors of 1448.
2, 181
List the prime factors of 113746.
2, 56873
List the prime factors of 2218.
2, 1109
What are the prime factors of 3519?
3, 17, 23
List the prime factors of 41873.
13, 3221
List the prime factors of 13730.
2, 5, 1373
What are the prime factors of 68136?
2, 3, 17, 167
What are the prime factors of 149912?
2, 7, 2677
What are the prime factors of 266?
2, 7, 19
List the prime factors of 201960.
2, 3, 5, 11, 17
List the prime factors of 2545.
5, 509
List the prime factors of 69584.
2, 4349
List the prime factors of 6831.
3, 11, 23
What are the prime factors of 10003?
7, 1429
List the prime factors of 37502.
2, 17, 1103
What are the prime factors of 15?
3, 5
List the prime factors of 1240.
2, 5, 31
What are the prime factors of 55847?
11, 5077
List the prime factors of 22184.
2, 47, 59
What are the prime factors of 42?
2, 3, 7
List the prime factors of 19208.
2, 7
List the prime factors of 3782.
2, 31, 61
What are the prime factors of 1409?
1409
List the prime factors of 5676.
2, 3, 11, 43
List the prime factors of 19863.
3, 2207
List the prime factors of 64567.
64567
What are the prime factors of 966?
2, 3, 7, 23
What are the prime factors of 4690?
2, 5, 7, 67
What are the prime factors of 3159?
3, 13
What are the prime factors of 42952?
2, 7, 13, 59
List the prime factors of 27012.
2, 3, 2251
What are the prime factors of 4887?
3, 181
What are the prime factors of 35588?
2, 7, 31, 41
List the prime factors of 8939.
7, 1277
What are the prime factors of 37514?
2, 18757
List the prime factors of 236.
2, 59
What are the prime factors of 2755?
5, 19, 29
List the prime factors of 60222.
2, 3, 10037
List the prime factors of 2363.
17, 139
List the prime factors of 1110.
2, 3, 5, 37
List the prime factors of 34330.
2, 5, 3433
What are the prime factors of 1886?
2, 23, 41
What are the prime factors of 3442?
2, 1721
What are the prime factors of 2829?
3, 23, 41
List the prime factors of 58805.
5, 19, 619
List the prime factors of 4924.
2, 1231
List the prime factors of 38742.
2, 3, 11, 587
What are the prime factors of 144604?
2, 36151
What are the prime factors of 200?
2, 5
What are the prime factors of 71645?
5, 7, 23, 89
What are the prime factors of 56725?
5, 2269
What are the prime factors of